mainder when 323602 is divided by 1354.
1350
Calculate the remainder when 57199 is divided by 5.
4
What is the remainder when 415479 is divided by 622?
605
What is the remainder when 88776 is divided by 20?
16
Calculate the remainder when 868254 is divided by 289417.
3
What is the remainder when 13228 is divided by 826?
12
What is the remainder when 499504 is divided by 166?
10
Calculate the remainder when 802 is divided by 87.
19
Calculate the remainder when 43104 is divided by 245.
229
Calculate the remainder when 67285 is divided by 11.
9
What is the remainder when 284 is divided by 142?
0
What is the remainder when 275642 is divided by 39375?
17
Calculate the remainder when 731135 is divided by 2.
1
What is the remainder when 772 is divided by 383?
6
Calculate the remainder when 341810 is divided by 17.
8
Calculate the remainder when 18630 is divided by 149.
5
Calculate the remainder when 14098 is divided by 164.
158
Calculate the remainder when 17854 is divided by 17828.
26
What is the remainder when 923 is divided by 446?
31
Calculate the remainder when 11926 is divided by 28.
26
Calculate the remainder when 452678 is divided by 747.
743
Calculate the remainder when 14340 is divided by 880.
260
Calculate the remainder when 242427 is divided by 15.
12
What is the remainder when 601363 is divided by 46?
5
What is the remainder when 227110 is divided by 1214?
92
Calculate the remainder when 918 is divided by 8.
6
Calculate the remainder when 34320 is divided by 382.
322
What is the remainder when 3273 is divided by 873?
654
Calculate the remainder when 708116 is divided by 24.
20
Calculate the remainder when 1525557 is divided by 762773.
11
What is the remainder when 13489 is divided by 45?
34
Calculate the remainder when 5249 is divided by 116.
29
Calculate the remainder when 7198 is divided by 120.
118
What is the remainder when 3861 is divided by 1168?
357
Calculate the remainder when 4886 is divided by 2384.
118
Calculate the remainder when 4518778 is divided by 84.
82
What is the remainder when 19786 is divided by 68?
66
Calculate the remainder when 589256 is divided by 483.
479
Calculate the remainder when 631617 is divided by 957.
954
What is the remainder when 5814 is divided by 127?
99
What is the remainder when 1996 is divided by 253?
225
Calculate the remainder when 70966 is divided by 53.
52
What is the remainder when 2232 is divided by 46?
24
What is the remainder when 153821 is divided by 75?
71
Calculate the remainder when 546213 is divided by 36.
21
What is the remainder when 977359 is divided by 7?
5
What is the remainder when 169916 is divided by 24261?
89
What is the remainder when 962317 is divided by 10?
7
Calculate the remainder when 13361422 is divided by 298.
294
What is the remainder when 131302 is divided by 581?
577
What is the remainder when 287 is divided by 224?
63
Calculate the remainder when 905758 is divided by 592.
590
Calculate the remainder when 86452 is divided by 4543.
135
What is the remainder when 336795 is divided by 3?
0
Calculate the remainder when 79789 is divided by 62.
57
What is the remainder when 9711 is divided by 2427?
3
What is the remainder when 937 is divided by 119?
104
Calculate the remainder when 18931 is divided by 6302.
25
What is the remainder when 233234 is divided by 1851?
8
Calculate the remainder when 77564 is divided by 3.
2
What is the remainder when 185 is divided by 22?
9
Calculate the remainder when 12542 is divided by 4177.
11
Calculate the remainder when 6583 is divided by 6552.
31
What is the remainder when 314979 is divided by 13694?
17
Calculate the remainder when 1886 is divided by 162.
104
Calculate the remainder when 9117 is divided by 47.
46
Calculate the remainder when 17494 is divided by 105.
64
Calculate the remainder when 69773 is divided by 1898.
1445
What is the remainder when 182770 is divided by 41?
33
What is the remainder when 105436 is divided by 16?
12
Calculate the remainder when 10269 is divided by 2564.
13
Calculate the remainder when 18588 is divided by 714.
24
Calculate the remainder when 2717 is divided by 1402.
1315
What is the remainder when 20180 is divided by 1121?
2
What is the remainder when 9836013 is divided by 16?
13
What is the remainder when 36558 is divided by 46?
34
Calculate the remainder when 93097 is divided by 940.
37
What is the remainder when 352001 is divided by 42?
41
What is the remainder when 78647 is divided by 8722?
149
Calculate the remainder when 22512 is divided by 309.
264
Calculate the remainder when 38054 is divided by 8.
6
What is the remainder when 4208 is divided by 53?
21
What is the remainder when 115441 is divided by 1480?
1
Calculate the remainder when 2690 is divided by 2673.
17
What is the remainder when 43904 is divided by 207?
20
Calculate the remainder when 2978 is divided by 298.
296
What is the remainder when 1516897 is divided by 110?
107
Calculate the remainder when 14879 is divided by 6.
5
What is the remainder when 5184 is divided by 270?
54
Calculate the remainder when 39647 is divided by 1801.
25
What is the remainder when 14385 is divided by 7029?
327
Calculate the remainder when 12416 is divided by 68.
40
What is the remainder when 12727 is divided by 318?
7
What is the remainder when 396 is divided by 183?
30
Calculate the remainder when 13138 is divided by 146.
144
What is the remainder when 1282 is divided by 39?
34
Calculate the remainder when 22564 is divided by 22.
14
What is the remainder when 220 is divided by 3?
1
What is the remainder when 340 is divided by 112?
4
What is the remainder when 945 is divided by 200?
145
What is the remainder when 2960 is divided by 958?
86
What is the remainder when 58634 is divided by 11722?
24
What is the remainder when 3629 is divided by 1780?
69
What is the remainder when 10951 is divided by 993?
28
Calculate the remainder when 5875 is divided by 150.
25
What is the remainder when 12828 is divided by 58?
10
Calculate the remainder when 1108 is divided by 56.
44
Calculate the remainder when 6851 is divided by 47.
36
What is the remainder when 1806 is divided by 513?
267
What is the remainder when 15745 is divided by 31?
28
Calculate the remainder when 99709 is divided by 304.
301
Calculate the remainder when 3691 is divided by 1230.
1
Calculate the remainder when 76129 is divided by 248.
241
What is the remainder when 44459 is divided by 76?
75
What is the remainder when 72810 is divided by 24?
18
What is the remainder when 14843 is divided by 2098?
157
Calculate the remainder when 5703 is divided by 1420.
23
What is the remainder when 25526 is divided by 189?
11
Calculate the remainder when 2185128 is divided by 477.
468
Calculate the remainder when 26380 is divided by 202.
120
Calculate the remainder when 5518 is divided by 48.
46
Calculate the remainder when 9536 is divided by 2175.
836
What is the remainder when 106271 is divided by 195?
191
Calculate the remainder when 9148 is divided by 44.
40
Calculate the remainder when 5187 is divided by 59.
54
What is the remainder when 19058 is divided by 13?
0
What is the remainder when 550101 is divided by 3549?
6
Calculate the remainder when 57764 is divided by 28873.
18
What is the remainder when 24652 is divided by 548?
540
Calculate the remainder when 690 is divided by 81.
42
What is the remainder when 3054 is divided by 677?
346
Calculate the remainder when 27070 is divided by 88.
54
What is the remainder when 10249 is divided by 185?
74
What is the remainder when 385 is divided by 7?
0
Calculate the remainder when 1527 is divided by 190.
7
Calculate the remainder when 215389 is divided by 11.
9
What is the remainder when 2677 is divided by 703?
568
What is the remainder when 4248 is divided by 76?
68
Calculate the remainder when 15094 is divided by 7538.
18
Calculate the remainder when 52941 is divided by 54.
21
What is the remainder when 73316 is divided by 181?
11
What is the remainder when 1460272 is divided by 198?
22
Calculate the remainder when 14333 is divided by 172.
57
What is the remainder when 777 is divided by 749?
28
What is the remainder when 22154 is divided by 4205?
1129
What is the remainder when 8042 is divided by 8034?
8
What is the remainder when 1523 is divided by 369?
47
Wh